{"id":64932,"date":"2023-11-09T16:36:53","date_gmt":"2023-11-09T15:36:53","guid":{"rendered":"https:\/\/www.dimomaint.com\/latam\/?page_id=64932"},"modified":"2025-07-02T11:16:04","modified_gmt":"2025-07-02T10:16:04","slug":"conectores","status":"publish","type":"page","link":"https:\/\/www.dimomaint.com\/latam\/conectores\/","title":{"rendered":"MX store"},"content":{"rendered":"<div data-elementor-type=\"wp-page\" data-elementor-id=\"64932\" class=\"elementor elementor-64932\" data-elementor-post-type=\"page\">\n\t\t\t\t\t\t<section class=\"elementor-section elementor-top-section elementor-element elementor-element-f46b02e elementor-section-boxed elementor-section-height-default elementor-section-height-default\" data-id=\"f46b02e\" data-element_type=\"section\" data-e-type=\"section\">\n\t\t\t\t\t\t<div class=\"elementor-container elementor-column-gap-default\">\n\t\t\t\t\t<div class=\"elementor-column elementor-col-100 elementor-top-column elementor-element elementor-element-7c74b0f\" data-id=\"7c74b0f\" data-element_type=\"column\" data-e-type=\"column\" data-settings='{\"background_background\":\"classic\"}'>\n\t\t\t<div class=\"elementor-widget-wrap elementor-element-populated\">\n\t\t\t\t\t\t<section class=\"elementor-section elementor-inner-section elementor-element elementor-element-0baa542 elementor-section-boxed elementor-section-height-default elementor-section-height-default\" data-id=\"0baa542\" data-element_type=\"section\" data-e-type=\"section\">\n\t\t\t\t\t\t<div class=\"elementor-container elementor-column-gap-wider\">\n\t\t\t\t\t<div class=\"elementor-column elementor-col-50 elementor-inner-column elementor-element elementor-element-15daffc\" data-id=\"15daffc\" data-element_type=\"column\" data-e-type=\"column\">\n\t\t\t<div class=\"elementor-widget-wrap elementor-element-populated\">\n\t\t\t\t\t\t<div class=\"elementor-element elementor-element-1786b52 cancelnotlastchild elementor-widget elementor-widget-heading\" data-id=\"1786b52\" data-element_type=\"widget\" data-e-type=\"widget\" data-widget_type=\"heading.default\">\n\t\t\t\t<div class=\"elementor-widget-container\">\n\t\t\t\t\t<h1 class=\"elementor-heading-title elementor-size-default\">MX store<\/h1>\n\n\t\t\t\t<\/div>\n\t\t\t\t<\/div>\n\t\t\t\t<div class=\"elementor-element elementor-element-ef4c175 elementor-widget-divider--view-line elementor-widget elementor-widget-divider\" data-id=\"ef4c175\" data-element_type=\"widget\" data-e-type=\"widget\" data-widget_type=\"divider.default\">\n\t\t\t\t<div class=\"elementor-widget-container\">\n\t\t\t\t\t<div class=\"elementor-divider\">\n\t\t\t<span class=\"elementor-divider-separator\">\n\t\t\t\t\t\t<\/span>\n\t\t<\/div>\n\t\t\n\n\t\t\t\t<\/div>\n\t\t\t\t<\/div>\n\t\t\t\t<div class=\"elementor-element elementor-element-218ddc9 no-margin elementor-widget elementor-widget-text-editor\" data-id=\"218ddc9\" data-element_type=\"widget\" data-e-type=\"widget\" data-widget_type=\"text-editor.default\">\n\t\t\t\t<div class=\"elementor-widget-container\">\n\t\t\t\t\t<p style=\"text-align: left;\"><b>Enriquece el \u00e1mbito funcional de tu CMMS<\/b> DimoMaint MX con las aplicaciones presentes en el mercado.<\/p>\n<p style=\"text-align: left;\"><b>Conecta tu CMMS a tu sistema de informaci\u00f3n<\/b> existente para facilitar el intercambio de datos y optimizar la gesti\u00f3n de tus activos.<\/p>\n<p style=\"text-align: left;\">\u00a1Todav\u00eda faltan m\u00e1s conectores!<\/p>\n\n\t\t\t\t\n\n\t\t\t\t<\/div>\n\t\t\t\t<\/div>\n\t\t\t\t\t<\/div>\n\t\t<\/div>\n\t\t\t\t<div class=\"elementor-column elementor-col-50 elementor-inner-column elementor-element elementor-element-e10b1ac\" data-id=\"e10b1ac\" data-element_type=\"column\" data-e-type=\"column\">\n\t\t\t<div class=\"elementor-widget-wrap elementor-element-populated\">\n\t\t\t\t\t\t<div class=\"elementor-element elementor-element-e7b3fe1 elementor-widget elementor-widget-image\" data-id=\"e7b3fe1\" data-element_type=\"widget\" data-e-type=\"widget\" data-widget_type=\"image.default\">\n\t\t\t\t<div class=\"elementor-widget-container\">\n\t\t\t\t\t<img fetchpriority=\"high\" decoding=\"async\" width=\"690\" height=\"703\" src=\"https:\/\/www.dimomaint.com\/latam\/wp-content\/uploads\/dimo-maint-store.svg\" class=\"attachment-full size-full wp-image-74260\" alt=\"DimoMaint store\">\t\t\t\t\t\t\t\t\t\t\t\n\n\t\t\t\t<\/div>\n\t\t\t\t<\/div>\n\t\t\t\t\t<\/div>\n\t\t<\/div>\n\t\t\t\t\t<\/div>\n\t\t<\/section>\n\t\t\t\t\t<\/div>\n\t\t<\/div>\n\t\t\t\t\t<\/div>\n\t\t<\/section>\n\t\t\t\t<section class=\"elementor-section elementor-top-section elementor-element elementor-element-2b1ff5a2 elementor-section-boxed elementor-section-height-default elementor-section-height-default\" data-id=\"2b1ff5a2\" data-element_type=\"section\" data-e-type=\"section\" id=\"elementor-hidden-user\">\n\t\t\t\t\t\t<div class=\"elementor-container elementor-column-gap-default\">\n\t\t\t\t\t<div class=\"elementor-column elementor-col-100 elementor-top-column elementor-element elementor-element-45e7e0c2\" data-id=\"45e7e0c2\" data-element_type=\"column\" data-e-type=\"column\">\n\t\t\t<div class=\"elementor-widget-wrap elementor-element-populated\">\n\t\t\t\t\t\t<div class=\"elementor-element elementor-element-7a62b2f0 uael-post__filter-align-center uael-post__link-complete-yes uael-equal__height-yes elementor-widget elementor-widget-uael-posts\" data-id=\"7a62b2f0\" data-element_type=\"widget\" data-e-type=\"widget\" data-settings='{\"classic_show_filters\":\"yes\",\"classic_slides_to_show\":4,\"classic_slides_to_show_tablet\":4,\"classic_slides_to_show_mobile\":1}' data-widget_type=\"uael-posts.classic\">\n\t\t\t\t<div class=\"elementor-widget-container\">\n\t\t\t\t\t<div class=\"uael-post__header\">\n\t\t\t\t\t<div class=\"uael-post__header-filters-wrap uael-posts-tabs-dropdown\">\n\t\t\t<ul class=\"uael-post__header-filters\" aria-label=\"Taxonomy Filter\">\n\t\t\t\t<li class=\"uael-post__header-filter uael-filter__current\" data-filter=\"*\">Todos<\/li>\n\t\t\t\t\t\t\t\t<li class=\"uael-post__header-filter\" data-filter=\".fm\" tabindex=\"0\">FM<\/li>\n\t\t\t\t\t\t\t\t<li class=\"uael-post__header-filter\" data-filter=\".mx\" tabindex=\"0\">MX<\/li>\n\t\t\t\t\t\t\t<\/ul>\n\n\t\t\t\t\t\t\t<div class=\"uael-filters-dropdown\">\n\t\t\t\t\t<div class=\"uael-filters-dropdown-button\">Todos<i class=\"fa fa-angle-down\"><\/i><\/div>\n\n\t\t\t\t\t<ul class=\"uael-filters-dropdown-list uael-post__header-filters\">\n\t\t\t\t\t\t<li class=\"uael-filters-dropdown-item uael-post__header-filter uael-filter__current\" data-filter=\"*\">Todos<\/li>\n\t\t\t\t\t\t\t\t\t\t\t\t<li class=\"uael-filters-dropdown-item uael-post__header-filter\" data-filter=\".fm\">FM<\/li>\n\t\t\t\t\t\t\t\t\t\t\t\t<li class=\"uael-filters-dropdown-item uael-post__header-filter\" data-filter=\".mx\">MX<\/li>\n\t\t\t\t\t\t\t\t\t\t\t<\/ul>\n\t\t\t\t<\/div>\n\t\t\t\t\t<\/div>\n\t\t\t\t<\/div>\n\t\t<div class=\"uael-post__body\">\n\t\t\t\n\t\t\n\t\t<div class=\"uael-blog-terms-position-above_content uael-post-image-top uael-post-grid uael-posts\" data-query-type=\"custom\" data-structure=\"normal\" data-layout=\"\" data-page=\"64932\" data-skin=\"classic\" data-filter-default=\"Todos\" data-offset-top=\"30\">\n\n\t\t\t\t\t\t\t<div class=\"uael-post-grid__inner uael-post__columns-4 uael-post__columns-tablet-4 uael-post__columns-mobile-1 uael-post-infinite-scroll uael-post-infinite__event-click\">\n\t\t\t\n<div class=\"uael-post-wrapper mx  \">\n\t<div class=\"uael-post__bg-wrap uael-bg-wrap-disabled \">\n\n\t\t\t\t\t<a href=\"https:\/\/www.dimomaint.com\/latam\/conector\/realidad-aumentada\/\" target=\"_self\" class=\"uael-post__complete-box-overlay\" aria-label=\"Link Complete Box\"><\/a>\n\t\t\t\t\n\t\t<div class=\"uael-post__inner-wrap uael-inner-wrap-disabled\">\n\n\t\t\t\t<div class=\"uael-post__thumbnail\">\n\t\t\t\n\t\t\t<a href=\"https:\/\/www.dimomaint.com\/latam\/conector\/realidad-aumentada\/\" target=\"_self\" title=\"Realidad aumentada\"><img decoding=\"async\" width=\"123\" height=\"127\" src=\"https:\/\/www.dimomaint.com\/latam\/wp-content\/uploads\/realidad-aumentada.svg\" class=\"attachment-full size-full wp-image-68872\" alt=\"REALIDAD AUMENTADA\"><\/a>\n\t\t\t\t\t<\/div>\n\t\t\n\t\t\t\n\t\t\t<div class=\"uael-post__content-wrap uael-content-wrap-disabled\">\n\t\t\t\t\t\t\t<div class=\"uael-post__terms-wrap\"><span class=\"uael-post__terms\"><span class=\"uael-listing__terms-link\">MX<\/span><\/span><\/div>\n\t\t\t\t\t\t<h3 class=\"uael-post__title\">\n\n\t\t\n\t\t\t\t\t\t<a href=\"https:\/\/www.dimomaint.com\/latam\/conector\/realidad-aumentada\/\" target=\"_self\">\n\t\t\t\tRealidad aumentada\t\t\t<\/a>\n\n\t\t\t\t<\/h3>\n\t\t<div class=\"uael-implantation\"><\/div>\n\t\t<div class=\"uael-post__excerpt\">\n\t\t\tCentraliza la gesti\u00f3n de tu parque de equipamientos a trav\u00e9s de una identificaci\u00f3n digital \u00fanica.\t\t<\/div>\n\n\t\t\t\t\t<\/div>\n\t\t\t\n\t\t<\/div>\n\t\t\n\t<\/div>\n\n<\/div>\n\n<div class=\"uael-post-wrapper fm mx  \">\n\t<div class=\"uael-post__bg-wrap uael-bg-wrap-disabled \">\n\n\t\t\t\t\t<a href=\"https:\/\/www.dimomaint.com\/latam\/conector\/scada-ihm\/\" target=\"_self\" class=\"uael-post__complete-box-overlay\" aria-label=\"Link Complete Box\"><\/a>\n\t\t\t\t\n\t\t<div class=\"uael-post__inner-wrap uael-inner-wrap-disabled\">\n\n\t\t\t\t<div class=\"uael-post__thumbnail\">\n\t\t\t\n\t\t\t<a href=\"https:\/\/www.dimomaint.com\/latam\/conector\/scada-ihm\/\" target=\"_self\" title=\"SCADA \/ IHM\"><img decoding=\"async\" width=\"123\" height=\"127\" src=\"https:\/\/www.dimomaint.com\/latam\/wp-content\/uploads\/scada-ihm.svg\" class=\"attachment-full size-full wp-image-68870\" alt=\"SCADA IHM\"><\/a>\n\t\t\t\t\t<\/div>\n\t\t\n\t\t\t\n\t\t\t<div class=\"uael-post__content-wrap uael-content-wrap-disabled\">\n\t\t\t\t\t\t\t<div class=\"uael-post__terms-wrap\"><span class=\"uael-post__terms\"><span class=\"uael-listing__terms-link\">FM<\/span><span class=\"uael-listing__terms-link\">MX<\/span><\/span><\/div>\n\t\t\t\t\t\t<h3 class=\"uael-post__title\">\n\n\t\t\n\t\t\t\t\t\t<a href=\"https:\/\/www.dimomaint.com\/latam\/conector\/scada-ihm\/\" target=\"_self\">\n\t\t\t\tSCADA \/ IHM\t\t\t<\/a>\n\n\t\t\t\t<\/h3>\n\t\t<div class=\"uael-implantation\"><\/div>\n\t\t<div class=\"uael-post__excerpt\">\n\t\t\tVe el estado de tus instalaciones en tiempo real y anticipa fallas.\t\t<\/div>\n\n\t\t\t\t\t<\/div>\n\t\t\t\n\t\t<\/div>\n\t\t\n\t<\/div>\n\n<\/div>\n\n<div class=\"uael-post-wrapper mx  \">\n\t<div class=\"uael-post__bg-wrap uael-bg-wrap-disabled \">\n\n\t\t\t\t\t<a href=\"https:\/\/www.dimomaint.com\/latam\/conector\/erp-sage-x3\/\" target=\"_self\" class=\"uael-post__complete-box-overlay\" aria-label=\"Link Complete Box\"><\/a>\n\t\t\t\t\n\t\t<div class=\"uael-post__inner-wrap uael-inner-wrap-disabled\">\n\n\t\t\t\t<div class=\"uael-post__thumbnail\">\n\t\t\t\n\t\t\t<a href=\"https:\/\/www.dimomaint.com\/latam\/conector\/erp-sage-x3\/\" target=\"_self\" title=\"Sage X3\"><img loading=\"lazy\" decoding=\"async\" width=\"123\" height=\"127\" src=\"https:\/\/www.dimomaint.com\/latam\/wp-content\/uploads\/erp-sage-x3.svg\" class=\"attachment-full size-full wp-image-65337\" alt=\"ERP SAGE X3\"><\/a>\n\t\t\t\t\t<\/div>\n\t\t\n\t\t\t\n\t\t\t<div class=\"uael-post__content-wrap uael-content-wrap-disabled\">\n\t\t\t\t\t\t\t<div class=\"uael-post__terms-wrap\"><span class=\"uael-post__terms\"><span class=\"uael-listing__terms-link\">MX<\/span><\/span><\/div>\n\t\t\t\t\t\t<h3 class=\"uael-post__title\">\n\n\t\t\n\t\t\t\t\t\t<a href=\"https:\/\/www.dimomaint.com\/latam\/conector\/erp-sage-x3\/\" target=\"_self\">\n\t\t\t\tSage X3\t\t\t<\/a>\n\n\t\t\t\t<\/h3>\n\t\t<div class=\"uael-implantation\"><\/div>\n\t\t<div class=\"uael-post__excerpt\">\n\t\t\tOptimiza tus procesos de mantenimiento integrando el CMMS DimoMaint MX a Sage X3.\t\t<\/div>\n\n\t\t\t\t\t<\/div>\n\t\t\t\n\t\t<\/div>\n\t\t\n\t<\/div>\n\n<\/div>\n\n<div class=\"uael-post-wrapper mx  \">\n\t<div class=\"uael-post__bg-wrap uael-bg-wrap-disabled \">\n\n\t\t\t\t\t<a href=\"https:\/\/www.dimomaint.com\/latam\/conector\/erp-microsoft-dynamics\/\" target=\"_self\" class=\"uael-post__complete-box-overlay\" aria-label=\"Link Complete Box\"><\/a>\n\t\t\t\t\n\t\t<div class=\"uael-post__inner-wrap uael-inner-wrap-disabled\">\n\n\t\t\t\t<div class=\"uael-post__thumbnail\">\n\t\t\t\n\t\t\t<a href=\"https:\/\/www.dimomaint.com\/latam\/conector\/erp-microsoft-dynamics\/\" target=\"_self\" title=\"ERP Microsoft Dynamics 365 Business Central\"><img loading=\"lazy\" decoding=\"async\" width=\"123\" height=\"127\" src=\"https:\/\/www.dimomaint.com\/latam\/wp-content\/uploads\/erp-microsoft-dynamics-365-business-central.svg\" class=\"attachment-full size-full wp-image-66221\" alt=\"ERP MICROSOFT DYNAMICS 365 BUSINESS CENTRAL\"><\/a>\n\t\t\t\t\t<\/div>\n\t\t\n\t\t\t\n\t\t\t<div class=\"uael-post__content-wrap uael-content-wrap-disabled\">\n\t\t\t\t\t\t\t<div class=\"uael-post__terms-wrap\"><span class=\"uael-post__terms\"><span class=\"uael-listing__terms-link\">MX<\/span><\/span><\/div>\n\t\t\t\t\t\t<h3 class=\"uael-post__title\">\n\n\t\t\n\t\t\t\t\t\t<a href=\"https:\/\/www.dimomaint.com\/latam\/conector\/erp-microsoft-dynamics\/\" target=\"_self\">\n\t\t\t\tERP Microsoft Dynamics 365 Business Central\t\t\t<\/a>\n\n\t\t\t\t<\/h3>\n\t\t<div class=\"uael-implantation\"><\/div>\n\t\t<div class=\"uael-post__excerpt\">\n\t\t\tOptimiza tus procesos de mantenimiento integrando DimoMaint MX a Microsoft Dynamics 365 Business Central.\t\t<\/div>\n\n\t\t\t\t\t<\/div>\n\t\t\t\n\t\t<\/div>\n\t\t\n\t<\/div>\n\n<\/div>\n\n<div class=\"uael-post-wrapper mx  \">\n\t<div class=\"uael-post__bg-wrap uael-bg-wrap-disabled \">\n\n\t\t\t\t\t<a href=\"https:\/\/www.dimomaint.com\/latam\/conector\/mes\/\" target=\"_self\" class=\"uael-post__complete-box-overlay\" aria-label=\"Link Complete Box\"><\/a>\n\t\t\t\t\n\t\t<div class=\"uael-post__inner-wrap uael-inner-wrap-disabled\">\n\n\t\t\t\t<div class=\"uael-post__thumbnail\">\n\t\t\t\n\t\t\t<a href=\"https:\/\/www.dimomaint.com\/latam\/conector\/mes\/\" target=\"_self\" title=\"Manufacturing Execution System (MES)\"><img loading=\"lazy\" decoding=\"async\" width=\"123\" height=\"127\" src=\"https:\/\/www.dimomaint.com\/latam\/wp-content\/uploads\/manufacturing-execution-system-mes.svg\" class=\"attachment-full size-full wp-image-66222\" alt=\"MANUFACTURING EXECUTION SYSTEM (MES)\"><\/a>\n\t\t\t\t\t<\/div>\n\t\t\n\t\t\t\n\t\t\t<div class=\"uael-post__content-wrap uael-content-wrap-disabled\">\n\t\t\t\t\t\t\t<div class=\"uael-post__terms-wrap\"><span class=\"uael-post__terms\"><span class=\"uael-listing__terms-link\">MX<\/span><\/span><\/div>\n\t\t\t\t\t\t<h3 class=\"uael-post__title\">\n\n\t\t\n\t\t\t\t\t\t<a href=\"https:\/\/www.dimomaint.com\/latam\/conector\/mes\/\" target=\"_self\">\n\t\t\t\tManufacturing Execution System (MES)\t\t\t<\/a>\n\n\t\t\t\t<\/h3>\n\t\t<div class=\"uael-implantation\"><\/div>\n\t\t<div class=\"uael-post__excerpt\">\n\t\t\tSupervisa tus actividades de producci\u00f3n y mide tu rendimiento en tiempo real.\t\t<\/div>\n\n\t\t\t\t\t<\/div>\n\t\t\t\n\t\t<\/div>\n\t\t\n\t<\/div>\n\n<\/div>\n\n<div class=\"uael-post-wrapper mx  \">\n\t<div class=\"uael-post__bg-wrap uael-bg-wrap-disabled \">\n\n\t\t\t\t\t<a href=\"https:\/\/www.dimomaint.com\/latam\/conector\/analytics\/\" target=\"_self\" class=\"uael-post__complete-box-overlay\" aria-label=\"Link Complete Box\"><\/a>\n\t\t\t\t\n\t\t<div class=\"uael-post__inner-wrap uael-inner-wrap-disabled\">\n\n\t\t\t\t<div class=\"uael-post__thumbnail\">\n\t\t\t\n\t\t\t<a href=\"https:\/\/www.dimomaint.com\/latam\/conector\/analytics\/\" target=\"_self\" title=\"Analytics\"><img loading=\"lazy\" decoding=\"async\" width=\"123\" height=\"127\" src=\"https:\/\/www.dimomaint.com\/latam\/wp-content\/uploads\/analytics.svg\" class=\"attachment-full size-full wp-image-66223\" alt=\"ANALYTICS\"><\/a>\n\t\t\t\t\t<\/div>\n\t\t\n\t\t\t\n\t\t\t<div class=\"uael-post__content-wrap uael-content-wrap-disabled\">\n\t\t\t\t\t\t\t<div class=\"uael-post__terms-wrap\"><span class=\"uael-post__terms\"><span class=\"uael-listing__terms-link\">MX<\/span><\/span><\/div>\n\t\t\t\t\t\t<h3 class=\"uael-post__title\">\n\n\t\t\n\t\t\t\t\t\t<a href=\"https:\/\/www.dimomaint.com\/latam\/conector\/analytics\/\" target=\"_self\">\n\t\t\t\tAnalytics\t\t\t<\/a>\n\n\t\t\t\t<\/h3>\n\t\t<div class=\"uael-implantation\"><\/div>\n\t\t<div class=\"uael-post__excerpt\">\n\t\t\tEl an\u00e1lisis din\u00e1mico y a 360\u00b0 de tu actividad de mantenimiento.\t\t<\/div>\n\n\t\t\t\t\t<\/div>\n\t\t\t\n\t\t<\/div>\n\t\t\n\t<\/div>\n\n<\/div>\n\n<div class=\"uael-post-wrapper mx  \">\n\t<div class=\"uael-post__bg-wrap uael-bg-wrap-disabled \">\n\n\t\t\t\t\t<a href=\"https:\/\/www.dimomaint.com\/latam\/conector\/bim-no-code\/\" target=\"_self\" class=\"uael-post__complete-box-overlay\" aria-label=\"Link Complete Box\"><\/a>\n\t\t\t\t\n\t\t<div class=\"uael-post__inner-wrap uael-inner-wrap-disabled\">\n\n\t\t\t\t<div class=\"uael-post__thumbnail\">\n\t\t\t\n\t\t\t<a href=\"https:\/\/www.dimomaint.com\/latam\/conector\/bim-no-code\/\" target=\"_self\" title=\"BIM No Code\"><img loading=\"lazy\" decoding=\"async\" width=\"123\" height=\"127\" src=\"https:\/\/www.dimomaint.com\/latam\/wp-content\/uploads\/bim-no-code.svg\" class=\"attachment-full size-full wp-image-66224\" alt=\"BIM NO CODE\"><\/a>\n\t\t\t\t\t<\/div>\n\t\t\n\t\t\t\n\t\t\t<div class=\"uael-post__content-wrap uael-content-wrap-disabled\">\n\t\t\t\t\t\t\t<div class=\"uael-post__terms-wrap\"><span class=\"uael-post__terms\"><span class=\"uael-listing__terms-link\">MX<\/span><\/span><\/div>\n\t\t\t\t\t\t<h3 class=\"uael-post__title\">\n\n\t\t\n\t\t\t\t\t\t<a href=\"https:\/\/www.dimomaint.com\/latam\/conector\/bim-no-code\/\" target=\"_self\">\n\t\t\t\tBIM No Code\t\t\t<\/a>\n\n\t\t\t\t<\/h3>\n\t\t<div class=\"uael-implantation\"><\/div>\n\t\t<div class=\"uael-post__excerpt\">\n\t\t\tLa continuidad digital de los datos de explotaci\u00f3n y de mantenimiento.\t\t<\/div>\n\n\t\t\t\t\t<\/div>\n\t\t\t\n\t\t<\/div>\n\t\t\n\t<\/div>\n\n<\/div>\n\t\t\t\t<\/div>\n\t\t\t\t\t\t<div class=\"uael-post-inf-loader\">\n\t\t\t\t<div class=\"uael-post-loader-1\"><\/div>\n\t\t\t\t<div class=\"uael-post-loader-2\"><\/div>\n\t\t\t\t<div class=\"uael-post-loader-3\"><\/div>\n\t\t\t<\/div>\n\t\t\t\t\t\t\n\t\t<\/div>\n\n\t\t\t\t\t\t<\/div>\n\t\t<div class=\"uael-post__footer\">\n\t\t\t\t\t<\/div>\n\t\t\n\n\t\t\t\t<\/div>\n\t\t\t\t<\/div>\n\t\t\t\t\t<\/div>\n\t\t<\/div>\n\t\t\t\t\t<\/div>\n\t\t<\/section>\n\t\t\t\t<\/div>\n\t\t\n\n","protected":false},"excerpt":{"rendered":"<p>Enriquece el \u00e1mbito funcional de tu CMMS DimoMaint MX con las aplicaciones presentes en el mercado. Conecta tu CMMS a tu sistema de informaci\u00f3n existente para facilitar el intercambio de datos y optimizar la gesti\u00f3n de tus activos. \u00a1Todav\u00eda faltan m\u00e1s conectores! Todos FM MX Todos Todos FM MX MX Realidad aumentada Centraliza la gesti\u00f3n [&hellip;]<\/p>\n","protected":false},"author":2,"featured_media":74265,"parent":0,"menu_order":0,"comment_status":"closed","ping_status":"closed","template":"","meta":{"_acf_changed":false,"_seopress_robots_primary_cat":"","_seopress_titles_title":"MX Store, el mercado del CMMS DimoMaint","_seopress_titles_desc":"Enriquece tu CMMS DimoMaint MX con los conectores personalizados disponibles y adapta tu CMMS a tus necesidades.","_seopress_robots_index":"","inline_featured_image":false,"site-sidebar-layout":"no-sidebar","site-content-layout":"page-builder","ast-site-content-layout":"full-width-container","site-content-style":"default","site-sidebar-style":"default","ast-global-header-display":"","ast-banner-title-visibility":"","ast-main-header-display":"","ast-hfb-above-header-display":"","ast-hfb-below-header-display":"","ast-hfb-mobile-header-display":"","site-post-title":"disabled","ast-breadcrumbs-content":"","ast-featured-img":"disabled","footer-sml-layout":"","ast-disable-related-posts":"","theme-transparent-header-meta":"default","adv-header-id-meta":"","stick-header-meta":"","header-above-stick-meta":"","header-main-stick-meta":"","header-below-stick-meta":"","astra-migrate-meta-layouts":"set","ast-page-background-enabled":"default","ast-page-background-meta":{"desktop":{"background-color":"var(--ast-global-color-4)","background-image":"","background-repeat":"repeat","background-position":"center center","background-size":"auto","background-attachment":"scroll","background-type":"","background-media":"","overlay-type":"","overlay-color":"","overlay-opacity":"","overlay-gradient":""},"tablet":{"background-color":"","background-image":"","background-repeat":"repeat","background-position":"center center","background-size":"auto","background-attachment":"scroll","background-type":"","background-media":"","overlay-type":"","overlay-color":"","overlay-opacity":"","overlay-gradient":""},"mobile":{"background-color":"","background-image":"","background-repeat":"repeat","background-position":"center center","background-size":"auto","background-attachment":"scroll","background-type":"","background-media":"","overlay-type":"","overlay-color":"","overlay-opacity":"","overlay-gradient":""}},"ast-content-background-meta":{"desktop":{"background-color":"var(--ast-global-color-5)","background-image":"","background-repeat":"repeat","background-position":"center center","background-size":"auto","background-attachment":"scroll","background-type":"","background-media":"","overlay-type":"","overlay-color":"","overlay-opacity":"","overlay-gradient":""},"tablet":{"background-color":"var(--ast-global-color-5)","background-image":"","background-repeat":"repeat","background-position":"center center","background-size":"auto","background-attachment":"scroll","background-type":"","background-media":"","overlay-type":"","overlay-color":"","overlay-opacity":"","overlay-gradient":""},"mobile":{"background-color":"var(--ast-global-color-5)","background-image":"","background-repeat":"repeat","background-position":"center center","background-size":"auto","background-attachment":"scroll","background-type":"","background-media":"","overlay-type":"","overlay-color":"","overlay-opacity":"","overlay-gradient":""}},"footnotes":""},"class_list":["post-64932","page","type-page","status-publish","has-post-thumbnail"],"acf":{"url_francaise":"https:\/\/www.gmao.com\/choix-gmao\/mx-store\/","url_anglaise":"https:\/\/www.dimomaint.com\/integrations\/","url_espagnole":"https:\/\/www.dimomaint.com\/es\/conectores\/","url_allemande":"https:\/\/www.dimomaint.de\/cmms-auswahl\/mx-store\/"},"_links":{"self":[{"href":"https:\/\/www.dimomaint.com\/latam\/wp-json\/wp\/v2\/pages\/64932","targetHints":{"allow":["GET"]}}],"collection":[{"href":"https:\/\/www.dimomaint.com\/latam\/wp-json\/wp\/v2\/pages"}],"about":[{"href":"https:\/\/www.dimomaint.com\/latam\/wp-json\/wp\/v2\/types\/page"}],"author":[{"embeddable":true,"href":"https:\/\/www.dimomaint.com\/latam\/wp-json\/wp\/v2\/users\/2"}],"replies":[{"embeddable":true,"href":"https:\/\/www.dimomaint.com\/latam\/wp-json\/wp\/v2\/comments?post=64932"}],"version-history":[{"count":0,"href":"https:\/\/www.dimomaint.com\/latam\/wp-json\/wp\/v2\/pages\/64932\/revisions"}],"wp:featuredmedia":[{"embeddable":true,"href":"https:\/\/www.dimomaint.com\/latam\/wp-json\/wp\/v2\/media\/74265"}],"wp:attachment":[{"href":"https:\/\/www.dimomaint.com\/latam\/wp-json\/wp\/v2\/media?parent=64932"}],"curies":[{"name":"wp","href":"https:\/\/api.w.org\/{rel}","templated":true}]}}